{"id":433,"date":"2025-10-22T08:47:12","date_gmt":"2025-10-22T11:47:12","guid":{"rendered":"http:\/\/web.inprolec.cl\/?page_id=433"},"modified":"2025-11-04T23:06:01","modified_gmt":"2025-11-05T02:06:01","slug":"c001_01","status":"publish","type":"page","link":"https:\/\/www.inprolec.cl\/?page_id=433","title":{"rendered":"c001_01"},"content":{"rendered":"\n<main class=\"wp-block-group alignfull site-content has-foreground-background-color has-background has-global-padding is-layout-constrained wp-container-core-group-is-layout-f99de470 wp-block-group-is-layout-constrained\" style=\"margin-top:0;padding-top:0;padding-right:var(--wp--preset--spacing--large);padding-bottom:0;padding-left:var(--wp--preset--spacing--large);background-image:url(&apos;http:\/\/web.inprolec.cl\/wp-content\/uploads\/2025\/10\/04-planta.jpg&apos;);background-size:cover;background-attachment:fixed;\">\n<div style=\"height:150px\" aria-hidden=\"true\" class=\"wp-block-spacer\"><\/div>\n\n\n\n<div class=\"wp-block-group is-style-default has-global-padding is-layout-constrained wp-container-core-group-is-layout-72d38984 wp-block-group-is-layout-constrained\" style=\"margin-top:0;margin-bottom:0;padding-top:0;padding-right:0;padding-bottom:0;padding-left:0\">\n<div class=\"wp-block-columns is-layout-flex wp-container-core-columns-is-layout-28f84493 wp-block-columns-is-layout-flex\">\n<div class=\"wp-block-column is-layout-flow wp-block-column-is-layout-flow\" style=\"flex-basis:25%\">\n<h2 class=\"wp-block-heading alignfull has-primary-color has-secondary-background-color has-text-color has-background has-link-color wp-elements-d53dadd8e2c0fd1c374c37f5aaa3a9ea\" style=\"border-top-right-radius:20px;margin-top:0;margin-right:0;margin-bottom:0;margin-left:0;padding-top:0;padding-right:var(--wp--preset--spacing--x-small);padding-bottom:0;padding-left:var(--wp--preset--spacing--x-small)\">Misi\u00f3n<\/h2>\n<\/div>\n\n\n\n<div class=\"wp-block-column is-layout-flow wp-block-column-is-layout-flow\" style=\"flex-basis:33.33%\"><\/div>\n<\/div>\n\n\n\n<div class=\"wp-block-group has-white-background-color has-background has-global-padding is-layout-constrained wp-container-core-group-is-layout-0a01ad8b wp-block-group-is-layout-constrained\" style=\"border-top-right-radius:20px;border-bottom-right-radius:20px;min-height:0px;margin-top:0px;margin-bottom:0px;padding-top:0px;padding-bottom:0px\">\n<div style=\"height:var(--wp--preset--spacing--small)\" aria-hidden=\"true\" class=\"wp-block-spacer\"><\/div>\n\n\n\n<p style=\"padding-right:5%;padding-left:5%\">Desarrollar proyectos dirigidos al mercado de infraestructura energ\u00e9tica aplicando estrategias y herramientas tecnol\u00f3gicas de vanguardia, enfoc\u00e1ndonos en la generaci\u00f3n de valor y crecimiento para todos los p\u00fablicos de inter\u00e9s. Estamos comprometidos con mantener una cultura sustentable, respetando al medio ambiente e impulsando la expansi\u00f3n de la actividad industrial del pa\u00eds.<\/p>\n\n\n\n<div style=\"height:20px\" aria-hidden=\"true\" class=\"wp-block-spacer\"><\/div>\n<\/div>\n<\/div>\n\n\n\n<div style=\"height:var(--wp--preset--spacing--small)\" aria-hidden=\"true\" class=\"wp-block-spacer\"><\/div>\n\n\n\n<div class=\"wp-block-group is-style-default is-layout-flow wp-block-group-is-layout-flow\">\n<div class=\"wp-block-columns is-layout-flex wp-container-core-columns-is-layout-28f84493 wp-block-columns-is-layout-flex\">\n<div class=\"wp-block-column is-layout-flow wp-block-column-is-layout-flow\" style=\"flex-basis:50%\">\n<h2 class=\"wp-block-heading alignfull has-primary-color has-secondary-background-color has-text-color has-background has-link-color wp-elements-7c8eb44c2f0f0be43b241757af8588d8\" style=\"border-top-right-radius:20px;margin-right:0;margin-left:0;padding-top:0;padding-right:var(--wp--preset--spacing--x-small);padding-bottom:0;padding-left:var(--wp--preset--spacing--x-small)\">Visi\u00f3n<\/h2>\n<\/div>\n\n\n\n<div class=\"wp-block-column is-layout-flow wp-block-column-is-layout-flow\" style=\"flex-basis:33.33%\"><\/div>\n<\/div>\n\n\n\n<div class=\"wp-block-group has-white-background-color has-background has-global-padding is-layout-constrained wp-container-core-group-is-layout-8851418f wp-block-group-is-layout-constrained\" style=\"border-top-right-radius:20px;border-bottom-right-radius:20px;margin-top:1px;margin-bottom:1px\">\n<div style=\"height:var(--wp--preset--spacing--small)\" aria-hidden=\"true\" class=\"wp-block-spacer\"><\/div>\n\n\n\n<p style=\"padding-right:5%;padding-left:5%\">Ser una empresa l\u00edder, referencia de la construcci\u00f3n y gesti\u00f3n de proyectos integrales de energ\u00eda e infraestructura, enfocados en la innovaci\u00f3n, excelencia y sustentabilidad de nuestras acciones y soluciones.<\/p>\n\n\n\n<div style=\"height:20px\" aria-hidden=\"true\" class=\"wp-block-spacer\"><\/div>\n<\/div>\n<\/div>\n\n\n\n<div style=\"height:var(--wp--preset--spacing--small)\" aria-hidden=\"true\" class=\"wp-block-spacer\"><\/div>\n\n\n\n<div class=\"wp-block-group is-style-default is-layout-flow wp-block-group-is-layout-flow\">\n<div class=\"wp-block-columns is-layout-flex wp-container-core-columns-is-layout-28f84493 wp-block-columns-is-layout-flex\">\n<div class=\"wp-block-column is-layout-flow wp-block-column-is-layout-flow\" style=\"flex-basis:75%\">\n<h2 class=\"wp-block-heading alignfull has-primary-color has-secondary-background-color has-text-color has-background has-link-color wp-elements-d548a84782f82ad815e89309e587ac2f\" style=\"border-top-right-radius:20px;margin-right:0;margin-left:0;padding-top:0;padding-right:var(--wp--preset--spacing--x-small);padding-bottom:0;padding-left:var(--wp--preset--spacing--x-small)\">Valores<\/h2>\n<\/div>\n\n\n\n<div class=\"wp-block-column is-layout-flow wp-block-column-is-layout-flow\" style=\"flex-basis:33.33%\"><\/div>\n<\/div>\n\n\n\n<div class=\"wp-block-group has-white-background-color has-background has-global-padding is-layout-constrained wp-container-core-group-is-layout-8851418f wp-block-group-is-layout-constrained\" style=\"border-top-right-radius:20px;border-bottom-right-radius:20px;margin-top:1px;margin-bottom:1px\">\n<div style=\"height:var(--wp--preset--spacing--small)\" aria-hidden=\"true\" class=\"wp-block-spacer\"><\/div>\n\n\n\n<ul style=\"padding-right:5%;padding-left:5%\" class=\"wp-block-list\">\n<li><strong>Respeto e Inclusi\u00f3n:&nbsp;<\/strong>Reconocemos y apreciamos, con sentido de justicia e igualdad, las cualidades de todos los involucrados en nuestro accionar.<\/li>\n\n\n\n<li><strong>Excelencia:&nbsp;<\/strong>En nuestra actuaci\u00f3n, apoy\u00e1ndonos con el mejor recurso humano, estrategias y tecnolog\u00eda.<\/li>\n\n\n\n<li><strong>Compromiso:&nbsp;<\/strong>Con el medio ambiente y las comunidades involucradas en los proyectos, mitigando las posibles afectaciones sobre el ecosistema m\u00e1s all\u00e1 de las exigencias legales<\/li>\n\n\n\n<li><strong>Responsabilidad:&nbsp;<\/strong>Con la promoci\u00f3n de condiciones seguras que nos concedan la confianza y credibilidad de nuestros trabajadores, clientes y colaboradores.<\/li>\n<\/ul>\n\n\n\n<div style=\"height:20px\" aria-hidden=\"true\" class=\"wp-block-spacer\"><\/div>\n<\/div>\n<\/div>\n\n\n\n<div style=\"height:var(--wp--preset--spacing--small)\" aria-hidden=\"true\" class=\"wp-block-spacer\"><\/div>\n<\/main>\n","protected":false},"excerpt":{"rendered":"<p>Misi\u00f3n Desarrollar proyectos dirigidos al mercado de infraestructura energ\u00e9tica aplicando estrategias y herramientas tecnol\u00f3gicas de vanguardia, enfoc\u00e1ndonos en la generaci\u00f3n de valor y crecimiento para todos los p\u00fablicos de inter\u00e9s. Estamos comprometidos con mantener una cultura sustentable, respetando al medio ambiente e impulsando la expansi\u00f3n de la actividad industrial del pa\u00eds. Visi\u00f3n Ser una empresa &hellip; <\/p>\n<p class=\"link-more\"><a href=\"https:\/\/www.inprolec.cl\/?page_id=433\" class=\"more-link\">Leer m\u00e1s<span class=\"screen-reader-text\"> \u201cc001_01\u201d<\/span><\/a><\/p>\n","protected":false},"author":1,"featured_media":0,"parent":0,"menu_order":0,"comment_status":"closed","ping_status":"closed","template":"page-templates\/full-width-no-title.php","meta":{"footnotes":""},"class_list":["post-433","page","type-page","status-publish","hentry"],"featured_media_urls":[],"_links":{"self":[{"href":"https:\/\/www.inprolec.cl\/index.php?rest_route=\/wp\/v2\/pages\/433","targetHints":{"allow":["GET"]}}],"collection":[{"href":"https:\/\/www.inprolec.cl\/index.php?rest_route=\/wp\/v2\/pages"}],"about":[{"href":"https:\/\/www.inprolec.cl\/index.php?rest_route=\/wp\/v2\/types\/page"}],"author":[{"embeddable":true,"href":"https:\/\/www.inprolec.cl\/index.php?rest_route=\/wp\/v2\/users\/1"}],"replies":[{"embeddable":true,"href":"https:\/\/www.inprolec.cl\/index.php?rest_route=%2Fwp%2Fv2%2Fcomments&post=433"}],"version-history":[{"count":64,"href":"https:\/\/www.inprolec.cl\/index.php?rest_route=\/wp\/v2\/pages\/433\/revisions"}],"predecessor-version":[{"id":598,"href":"https:\/\/www.inprolec.cl\/index.php?rest_route=\/wp\/v2\/pages\/433\/revisions\/598"}],"wp:attachment":[{"href":"https:\/\/www.inprolec.cl\/index.php?rest_route=%2Fwp%2Fv2%2Fmedia&parent=433"}],"curies":[{"name":"wp","href":"https:\/\/api.w.org\/{rel}","templated":true}]}}